l) = -l**3 + 41*l**2 - 330*l - 4. Calculate d(30).
-4
Let m(a) = -82*a**2 + 1201*a + 432. Determine m(15).
-3
Let u(o) = -251*o + 1267. Give u(5).
12
Let t(r) = -126*r + 330. Determine t(3).
-48
Let j(t) = 11*t - 48. Determine j(6).
18
Let c(l) = -30*l + 45. What is c(4)?
-75
Let q(u) = -627*u - 6274. Calculate q(-10).
-4
Let q(b) = 3*b**3 - 432*b**2 + 429*b + 1. Give q(143).
1
Let n(s) = -25*s**3 - 248*s**2 + 23*s + 34. Give n(-10).
4
Let k(y) = 32*y**2 - 115*y - 115. Give k(-1).
32
Let n(z) = z**2 - 121*z - 13883. Calculate n(-72).
13
Let a(z) = -7*z**2 + 90*z - 1094. Give a(11).
-951
Let j(l) = -15*l**2 + 92*l - 53. Give j(5).
32
Let p(m) = 14*m + 1136. What is p(-62)?
268
Let g(o) = -3310*o + 36404. Calculate g(11).
-6
Let n(r) = -r**3 - 120*r**2 - 1483*r + 98. Give n(-106).
-8
Let i(a) = 10*a - 443. Give i(-57).
-1013
Let p(i) = 16*i**2 - 21*i + 20. Give p(3).
101
Let u(q) = -73*q - 5631. Calculate u(-77).
-10
Let a(b) = 11*b**2 - 5*b - 76. What is a(3)?
8
Let v(w) = -10*w**2 - 67*w - 12. What is v(-9)?
-219
Let d(m) = m**2 - 79*m + 217. What is d(57)?
-1037
Let l(s) = -s**3 + 5*s**2 + 77*s - 18. What is l(11)?
103
Let i(c) = -11*c**2 + 314*c + 545. Give i(30).
65
Let k(t) = -7*t + 6. Determine k(2).
-8
Let i(z) = 198*z + 1371. What is i(-7)?
-15
Let k(l) = l**2 - l - 6. What is k(9)?
66
Let j(r) = -3*r**2 + 375*r + 14503. Give j(156).
-5
Let z(d) = 11*d + 354. Calculate z(-36).
-42
Let m(t) = t**3 + 10*t**2 - 4*t - 2. Determine m(-8).
158
Let g(n) = -n**2 - 75*n + 134. What is g(-78)?
-100
Let v(p) = p**2 + 5*p - 12. Calculate v(7).
72
Let y(h) = -h**2 - 14*h + 51. Determine y(-23).
-156
Let d(q) = 24*q + 128. What is d(-12)?
-160
Let j(n) = n**2 - 31*n + 220. What is j(11)?
0
Let t(o) = -2*o**3 - 612*o**2 - 628*o - 5489. Calculate t(-305).
1
Let j(y) = -5*y**3 + 44*y**2 - 92*y + 2. Give j(4).
18
Let s(q) = -20*q + 278. Calculate s(12).
38
Let u(x) = -5*x**2 + 81*x + 262. Determine u(19).
-4
Let t(j) = 21*j**2 - 61*j - 12. What is t(3)?
-6
Let k(a) = a**2 - 40*a + 89. Determine k(14).
-275
Let u(m) = m**3 - 31*m**2 - 224*m + 77. Give u(37).
3
Let f(o) = -o**3 - 13*o**2 + 22*o + 15. Give f(-15).
135
Let i(q) = 30*q**2 + 59*q - 153. What is i(3)?
294
Let g(y) = y**3 + 7*y**2 + 7*y + 127. Give g(-8).
7
Let v(z) = -5*z**2 + 319*z - 2349. Determine v(7).
-361
Let y(p) = 333*p - 1002. Determine y(3).
-3
Let k(v) = 82*v - 1966. Determine k(24).
2
Let w(l) = -l**3 - 42*l**2 - 150*l + 69. What is w(-38)?
-7
Let t(c) = c**3 - 22*c**2 + 26*c - 28. Give t(21).
77
Let i(w) = -w**2 + 67*w - 1092. Give i(39).
0
Let c(v) = -v**2 - 45*v + 42. What is c(-46)?
-4
Let z(f) = 4*f**3 + 2*f**2 + 6*f + 3. Calculate z(-2).
-33
Let m(t) = 2*t**3 + 121*t**2 + 63*t + 146. Calculate m(-60).
-34
Let c(b) = -122*b - 1066. Calculate c(-9).
32
Let p(n) = 2*n**2 - 140*n - 589. Give p(74).
3
Let c(y) = -349*y - 1917. What is c(-5)?
-172
Let z(b) = b**2 + 13*b - 25. What is z(-23)?
205
Let o(a) = 78*a - 693. Determine o(9).
9
Let i(r) = -7*r**2 - 599*r + 870. Give i(-87).
0
Let v(f) = 16*f**3 + 6*f**2 + 7*f + 6. What is v(-3)?
-393
Let c(i) = 35*i**3 + 250*i**2 + 38*i + 18. Calculate c(-7).
-3
Let g(o) = 2731*o + 16392. What is g(-6)?
6
Let f(o) = -o**2 + 5*o + 89. Determine f(9).
53
Let c(u) = 308*u - 3994. Calculate c(13).
10
Let c(k) = 2*k**3 + 10*k**2 + 167*k + 640. Give c(-4).
4
Let g(u) = -8*u**2 - 3*u + 174. Determine g(0).
174
Let b(d) = -201*d + 152. Calculate b(-1).
353
Let i(o) = 18*o + 220. Determine i(0).
220
Let s(q) = q**2 + 10*q - 90. Calculate s(-17).
29
Let d(p) = -38*p**2 + 342*p + 3. Determine d(9).
3
Let k(x) = -x**3 + 4*x**2 + 86*x - 59. Determine k(10).
201
Let m(o) = -o**2 - 169*o - 2045. Calculate m(-13).
-17
Let p(o) = 21*o**2 - 258*o + 14. Give p(13).
209
Let v(g) = 1591*g - 52507. Give v(33).
-4
Let n(x) = 2*x**2 - 51*x - 101. Calculate n(-2).
9
Let z(l) = 16*l**3 + 10*l**2 + 4*l - 12. Give z(2).
164
Let u(d) = d**2 - 41*d - 7. What is u(38)?
-121
Let c(b) = b**2 - 162*b - 1190. Calculate c(-7).
-7
Let d(f) = 10*f**2 - 327*f - 48. Determine d(33).
51
Let h(y) = -5580*y**2 + 5572*y - 1. Give h(1).
-9
Let f(g) = 13*g**2 - 43*g - 46. Determine f(-1).
10
Let f(l) = -3*l**2 - 432*l + 8768. What is f(18)?
20
Let z(q) = 21*q - 284. Give z(12).
-32
Let m(c) = 7*c + 88. Determine m(-5).
53
Let c(u) = -3038*u + 6068. Give c(2).
-8
Let f(o) = o**2 + 34*o + 266. Calculate f(-21).
-7
Let w(l) = 25*l + 59. What is w(0)?
59
Let i(n) = n**2 - 29*n + 102. Calculate i(19).
-88
Let k(w) = -39*w**3 + 897*w**2 + 2*w - 40. Give k(23).
6
Let n(q) = -q**2 + 57*q - 258. Determine n(52).
2
Let g(b) = 335*b - 449. Give g(2).
221
Let c(b) = 3*b**2 - 305*b - 929. Give c(-3).
13
Let d(v) = 635*v + 1353. What is d(-2)?
83
Let u(h) = 2*h**2 - 23*h + 113. What is u(8)?
57
Let y(z) = -119*z - 1439. Calculate y(-12).
-11
Let b(a) = -a**2 - 292*a + 4286. Determine b(14).
2
Let g(t) = -11*t + 4. What is g(7)?
-73
Let m(d) = -285*d - 4. Determine m(1).
-289
Let z(w) = -238*w**2 - 4*w + 1. Determine z(-1).
-233
Let t(n) = n**3 - 5*n**2 + 137*n + 489. Determine t(-3).
6
Let j(r) = -3*r**3 - 11*r**2 + 4*r + 8. Determine j(2).
-52
Let t(a) = 4*a**3 + 38*a**2 + 217. Give t(-10).
17
Let o(r) = -2874*r + 14363. What is o(5)?
-7
Let c(u) = -1516*u - 1525. Calculate c(-1).
-9
Let v(z) = 5*z**2 + 77*z + 505. Determine v(-7).
211
Let z(i) = 46*i + 362. Calculate z(-9).
-52
Let h(q) = -q**2 - 132*q - 3409. What is h(-94)?
163
Let x(g) = -3*g - 109. Determine x(0).
-109
Let b(j) = -71*j + 5527. Calculate b(78).
-11
Let c(h) = -12*h**2 + 15*h - 45. Determine c(4).
-177
Let w(j) = -2*j**3 + 96*j**2 + 8*j - 329. Give w(48).
55
Let t(q) = -2*q**2 + 12*q + 41. What is t(8)?
9
Let j(s) = 1268*s**2 + 7601*s - 40. What is j(-6)?
2
Let j(d) = 6*d**3 - 118*d**2 - 28*d + 4. Determine j(20).
244
Let o(l) = -l**3 - 16*l**2 - 34*l + 6. Give o(-13).
-59
Let r(i) = 4*i**2 + 18*i + 17. Give r(-1).
3
Let f(q) = 72*q. What is f(3)?
216
Let o(a) = -a**2 - 19*a + 39. Give o(-21).
-3
Let v(f) = -1855*f + 5565. Give v(3).
0
Let f(s) = 59*s - 659. What is f(11)?
-10
Let d(x) = -2*x**3 + 43*x**2 - 54*x + 40. What is d(20)?
160
Let g(b) = -67*b**3 - 2*b**2 + 17*b + 41. What is g(-2)?
535
Let a(m) = m**3 + 26*m**2 + 17*m - 88. Give a(-25).
112
Let a(j) = -5*j**2 + 210*j - 24. Give a(42).
-24
Let b(x) = -298*x - 1255. Give b(-4).
-63
Let f(g) = -4*g**2 + 54*g - 147. Calculate f(8).
29
Let c(q) = -16*q - 201. Give c(-16).
55
Let p(s) = 8*s - 244. Calculate p(30).
-4
Let v(p) = 6*p**2 - 112*p - 554. Give v(-5).
156
Let f(u) = -u**3 - 159*u**2 - 767*u + 456. What is f(-154)?
-6
Let y(g) = 10*g**3 - 111*g**2 - 71*g + 902. Give y(11).
0
Let d(l) = -506*l**2 - 2016*l + 13. Calculate d(-4).
-19
Let p(l) = 190*l + 28478. Determine p(-150).
-22
Let j(p) = p**3 + 10*p**2 - 60*p + 8. What is j(4)?
-8
Let k(y) = 142*y + 4060. What is k(-29)?
-58
Let h(a) = a**2 + 26*a + 102. Calculate h(-19).
-31
Let j(k) = 4*k**3 + 5*k**2 + 43*k + 18. Determine j(-4).
-330
Let n(q) = -77*q + 292. Calculate n(4).
-16
Let i(z) = -2*z**2 + 2*z + 8. Determine i(-9).
-172
Let j(v) = -23*v**2 - 99*v - 24. Give j(-4).
4
Let a(h) = 22*h**2 - 177*h + 25. Calculate a(8).
17
Let h(y) = -2*y**2 - 13*y - 9. Calculate h(-7).
-16
Let h(o) = -8*o**3 + 151*o**2 + 24*o - 47. What is h(19)?
48
Let r(j) = 2*j**3 - 19*j**2 - 280*j + 2703. Give r(10).
3
Let d(z) = -2*z**3 + 122*z**2 - 235*z - 161. Calculate d(59).
-102
Let v(i) = 93*i + 1335. Calculate v(-13).
126
Let y(p) = 12*p**2 + 14*p - 302. What is y(5)?
68
Let d(v) = v**3 - 5*v**2 + 8*v - 7. Calculate d(4).
9
Let f(i) = -i**2 + 18*i + 20. Determine f(0).
20
Let p(v) = 3*v + 36. Calculate p(-5).
21
Let g(f) = 3*f**3 - 76*f**2 + 396*f - 12. What is g(18)?
-12
Let o(m) = 2*m**2 - 14*m + 59. Give o(9).
95
Let m(y) = -2*y**2 + 20*y + 242. What is m(18)?
-46
Let r(s) = 109*s - 5783. What is r(53)?
-6
Let o(c) = -18*c**3 - 51*c**2 - 32*c - 116. Calculate o(-3).
7
Let x(k) = k**2 - 69*k + 580. Determine x(60).
40
Let f(n) = 71*n + 586. What is f(-9)?
-53
Let v(g) = -g**2 + 24*g - 27. What is v(15)?
108
Let j(z) = z**3 + 10*z**2 + 7*z - 101. What is j(-11)?
-299
Let s(h) = 5*h**2 - 14*h - 689. Determine s(13).
-26
Let w(h) = h**3 + 35*h**2 - 69*h + 207. Give w(-37).
22
Let d(o) = 6*o**2 + 45*o - 10. Determine d(-9).
71